base 13.
78
Convert 147 (base 15) to base 4.
10210
36 (base 13) to base 4
231
-10 (base 3) to base 7
-3
Convert 142 (base 10) to base 9.
167
What is 20 (base 10) in base 5?
40
Convert -15 (base 14) to base 4.
-103
What is -1 (base 2) in base 13?
-1
Convert 3 (base 6) to base 16.
3
Convert 7 (base 9) to base 10.
7
-10 (base 3) to base 4
-3
What is -60 (base 14) in base 11?
-77
What is -10 (base 13) in base 9?
-14
3 (base 10) to base 16
3
4 (base 11) to base 15
4
Convert -21 (base 7) to base 16.
-f
Convert 2 (base 12) to base 9.
2
1011100 (base 2) to base 11
84
Convert -141 (base 7) to base 8.
-116
What is 58 (base 9) in base 13?
41
What is 3 (base 5) in base 9?
3
Convert -3 (base 13) to base 12.
-3
What is 10 (base 8) in base 16?
8
-23 (base 5) to base 7
-16
1 (base 8) to base 5
1
Convert a0 (base 11) to base 2.
1101110
What is -9 (base 14) in base 6?
-13
Convert -1020 (base 3) to base 11.
-30
What is 100 (base 2) in base 8?
4
-10001 (base 3) to base 15
-57
20 (base 6) to base 2
1100
Convert -5 (base 8) to base 12.
-5
What is -2 (base 13) in base 10?
-2
Convert -3 (base 15) to base 2.
-11
What is -101001 (base 2) in base 9?
-45
What is 0 (base 15) in base 8?
0
Convert 0 (base 12) to base 13.
0
Convert 8 (base 11) to base 5.
13
Convert 2 (base 7) to base 10.
2
1 (base 9) to base 14
1
Convert 1 (base 10) to base 14.
1
-6 (base 11) to base 15
-6
-67 (base 8) to base 5
-210
-1 (base 8) to base 11
-1
What is -12 (base 8) in base 12?
-a
What is -20 (base 15) in base 5?
-110
Convert 13 (base 5) to base 13.
8
Convert 22 (base 3) to base 7.
11
-3110 (base 4) to base 7
-422
What is 134 (base 10) in base 3?
11222
-20 (base 3) to base 11
-6
Convert 111 (base 2) to base 15.
7
Convert 2 (base 11) to base 13.
2
What is 3 (base 13) in base 6?
3
Convert 4b (base 16) to base 6.
203
Convert 184 (base 9) to base 8.
235
-2a (base 16) to base 4
-222
Convert 5 (base 9) to base 3.
12
What is 4 (base 9) in base 8?
4
What is 10 (base 5) in base 10?
5
Convert -1 (base 4) to base 15.
-1
-84 (base 12) to base 6
-244
Convert -45 (base 6) to base 9.
-32
Convert 40 (base 16) to base 12.
54
What is 2 (base 5) in base 7?
2
-1 (base 15) to base 13
-1
Convert -7 (base 12) to base 14.
-7
What is 6 (base 9) in base 14?
6
-1100 (base 4) to base 5
-310
What is 200 (base 3) in base 8?
22
Convert 40 (base 8) to base 11.
2a
Convert 110 (base 2) to base 5.
11
What is 100 (base 2) in base 7?
4
Convert -3 (base 15) to base 9.
-3
Convert 0 (base 12) to base 13.
0
Convert -2 (base 12) to base 9.
-2
344 (base 7) to base 9
218
101001110 (base 2) to base 8
516
What is 5 (base 15) in base 8?
5
-3 (base 8) to base 15
-3
Convert 11010011 (base 2) to base 8.
323
What is 2 (base 10) in base 13?
2
10110010 (base 2) to base 5
1203
102 (base 5) to base 11
25
What is -2 (base 12) in base 10?
-2
What is 150 (base 7) in base 9?
103
-95 (base 16) to base 7
-302
Convert -5 (base 13) to base 6.
-5
Convert 1045 (base 6) to base 8.
365
Convert -4 (base 14) to base 10.
-4
34 (base 6) to base 15
17
Convert 624 (base 7) to base 5.
2222
What is 17 (base 13) in base 7?
26
Convert -5 (base 9) to base 7.
-5
Convert 110011 (base 2) to base 13.
3c
What is 10 (base 4) in base 7?
4
What is 21 (base 11) in base 7?
32
What is 26 (base 7) in base 15?
15
Convert d (base 16) to base 12.
11
What is 1030 (base 4) in base 7?
136
What is 1 (base 10) in base 6?
1
What is -300 (base 5) in base 6?
-203
108 (base 11) to base 8
201
2 (base 9) to base 8
2
0 (base 11) to base 5
0
Convert -14 (base 6) to base 3.
-101
1 (base 7) to base 6
1
What is 53 (base 6) in base 2?
100001
1003 (base 5) to base 4
2000
What is 2 (base 14) in base 3?
2
-1 (base 9) to base 5
-1
Convert 44 (base 5) to base 12.
20
13 (base 6) to base 11
9
Convert 40 (base 6) to base 2.
11000
What is 16 (base 7) in base 15?
d
Convert -17 (base 9) to base 2.
-10000
What is -6 (base 16) in base 3?
-20
Convert 103 (base 4) to base 6.
31
42 (base 6) to base 15
1b
-1 (base 14) to base 7
-1
Convert 4 (base 11) to base 16.
4
-34 (base 10) to base 14
-26
Convert 6 (base 12) to base 3.
20
What is -20 (base 4) in base 5?
-13
What is -101011 (base 2) in base 5?
-133
-75 (base 15) to base 3
-11002
Convert 111011 (base 3) to base 9.
434
Convert 1000 (base 2) to base 11.
8
Convert -11101 (base 2) to base 4.
-131
-2 (base 10) to base 2
-10
Convert 1 (base 8) to base 7.
1
What is 43 (base 16) in base 12?
57
-163 (base 8) to base 5
-430
Convert -13 (base 10) to base 14.
-d
What is 11 (base 2) in base 10?
3
2321 (base 4) to base 8
271
What is -5 (base 11) in base 12?
-5
-9 (base 13) to base 8
-11
What is 54 (base 8) in base 13?
35
What is 20 (base 4) in base 12?
8
What is -6 (base 12) in base 5?
-11
31 (base 6) to base 11
18
What is 1 (base 9) in base 10?
1
Convert -11 (base 2) to base 4.
-3
Convert 2101 (base 3) to base 4.
1000
Convert 2 (base 11) to base 14.
2
Convert 40 (base 7) to base 5.
103
What is -4 (base 11) in base 9?
-4
What is 4 (base 15) in base 4?
10
Convert 26 (base 8) to base 16.
16
What is -100101 (base 2) in base 16?
-25
1 (base 10) to base 3
1
Convert -20 (base 14) to base 15.
-1d
30 (base 6) to base 15
13
What is -37 (base 9) in base 4?
-202
Convert -31 (base 15) to base 13.
-37
Convert -7 (base 8) to base 4.
-13
What is -2 (base 11) in base 14?
-2
What is 4 (base 15) in base 4?
10
What is 10 (base 8) in base 4?
20
Convert -60 (base 16) to base 11.
-88
Convert -64 (base 9) to base 3.
-2011
What is 21 (base 9) in base 13?
16
-100 (base 2) to base 15
-4
Convert 7e (base 15) to base 4.
1313
What is -101 (base 4) in base 12?
-15
-442 (base 6) to base 2
-10101010
Convert d (base 14) to base 6.
21
Convert 1 (base 7) to base 15.
1
-18 (base 14) to base 10
-22
Convert 0 (base 7) to base 16.
0
-45 (base 8) to base 4
-211
What is 3b (base 12) in base 10?
47
What is 1 (base 13) in base 8?
1
What is 1110 (base 3) in base 6?
103
What is -5 (base 9) in base 16?
-5
What is 35 (base 13) in base 9?
48
Convert 0 (base 9) to base 2.
0
Convert -6 (base 14) to base 4.
-12
-2 (base 6) to base 10
-2
Convert 28 (base 10) to base 4.
130
Convert 4 (base 12) to base 3.
11
What is 10 (base 10) in base 8?
12
What is 10 (base 2) in base 5?
2
327 (base 9) to base 3
100221
What is -111 (base 2) in base 9?
-7
Convert -7 (base 9) to base 12.
-7
What is -216 (base 13) in base 2?
-101100101
What is 40 (base 13) in base 12?
44
What is 3 (base 15) in base 11?
3
-1020 (base 3) to base 15
-23
-100 (base 2) to base 14
-4
Convert -7 (base 15) to base 14.
-7
6 (base 9) to base 10
6
-56 (base 10) to base 14
-40
3 (base 8) to base 6
3
3 (base 13) to base 2
11
-5 (base 9) to base 12
-5
-2 (base 14) to base 6
-2
4 (base 11) to base 9
4
-2d (base 16) to base 12
-39
-101 (base 4) to base 3
-122
Convert 3 (base 8) to base 15.
3
Convert -115 (base 6) to base 13.
-38
Convert 0 (base 8) to base 3.
0
0 (base 3) to base 2
0
23 (base 10) to base 14
19
What is -100 (base 3) in base 7?
-12
310 (base 5) to base 3
2222
What is -3 (base 14) in base 3?
-10
0 (base 5) to base 13
0
Convert -332 (base 9) to base 5.
-2042
What is 2 (base 5) in base 3?
2
What is -232 (base 4) in base 16?
-2e
What is 100 (base 3) in base 11?
9
2 (base 16) to base 11
2
What is -1 (base 8) in base 7?
-1
-65 (base 7) to base 11
-43
What is -100 (base 4) in base 9?
-17
11111 (base 2) to base 7
43
What is -101011 (base 2) in base 14?
-31
Convert c (base 16) to base 7.
15
What is -4 (base 6) in base 11?
-4
Convert 4 (base 15) to base 12.
4
-19 (base 16) to base 8
-31
1 (base 9) to base 10
1
What is -14 (base 9) in base 2?
-1101
4 (base 10) to base 8
4
10 (base 6) to base 11
6
What is -dc (base 14) in base 16?
-c2
143 (base 9) to base 10
120
Convert 0 (base 11) to base 16.
0
-11010 (base 3) to base 16
-6f
Convert 3 (base 11) to base 16.
3
What is 48 (base 13) in base 16?
3c
What is 100 (base 5) in base 12?
21
Convert -286 (base 9) to base 3.
-22220
What is 143 (base 5) in base 4?
300
21 (base 3) to base 6
11
What is -2 (base 12) in base 7?
-2
Convert -3 (base 6) to base 5.
-3
Convert 5 (base 14) to base 6.
5
What is -11100111 (base 2) in base 9?
-276
What is 203 (base 11) in base 14?
137
-240 (base 5) to base 8
-106
0 (base 10) to base 7
0
What is 10 (base 6) in base 5?
11
What is 5 (base 8) in base 5?
10
-4 (base 13) to base 10
-4
What is -12 (base 8) in 